{"id":4684,"date":"2016-06-17T02:13:46","date_gmt":"2016-06-17T02:13:46","guid":{"rendered":"http:\/\/demo.drfuri.com\/mrbara13\/?page_id=4684"},"modified":"2025-11-01T00:23:16","modified_gmt":"2025-11-01T00:23:16","slug":"las-voces-del-tenis-by-vtc","status":"publish","type":"page","link":"https:\/\/vtctenis.com\/index.php\/las-voces-del-tenis-by-vtc\/","title":{"rendered":"Las Voces del Tenis by VTC"},"content":{"rendered":"<div class=\"wpb-content-wrapper\"><p>[vc_row][vc_column]<div class=\"mrbara-about-2 \">\n\t\t\t\t<div class=\"row\">\n\t\t\t\t\t<div class=\"col-md-1 col-sm-1 col-xs-2 col-xs-offset-1 col-md-offset-1 col-sm-offset-1 col-left\">\n\t\t\t\t\t\t<span class=\"mr-verticle-line\"><\/span>\n\t\t\t\t\t<\/div>\n\t\t\t\t\t<div class=\"col-md-6 col-sm-6 col-xs-8 col-xs-offset-1 col-md-offset-2 col-sm-offset-2 col-right\"><div class=\"about-content\"><div class=\"sub-title\">Nuestro Programa<\/div><div class=\"title\"><p>Las Voces del Tenis<br \/>\nby VTC<\/p>\n<\/div><div class=\"desc\">Las Voces del Tenis: Un encuentro \u00edntimo y revelador conducido por Thomas Nef. Este espacio de entrevistas trasciende la superficie del circuito profesional para adentrarse en la mente y el coraz\u00f3n de sus protagonistas. Cada episodio es una conversaci\u00f3n profunda que busca ir m\u00e1s all\u00e1 de los resultados y las estad\u00edsticas, llegando a los rincones m\u00e1s desconocidos y a las historias humanas que forjan a un deportista de \u00e9lite. Hablamos de sacrificios, la salud mental, el manejo de la presi\u00f3n, la vida en el Challenger Tour y todo aquello que los aficionados rara vez ven. Prep\u00e1rate para descubrir la faceta m\u00e1s desconocida, aut\u00e9ntica e inspiradora de las grandes figuras y personajes clave del tenis.<\/div><div class=\"about-img\"><img decoding=\"async\" alt=\"6116\" src=\"https:\/\/vtctenis.com\/wp-content\/uploads\/2025\/11\/la-voz-del-tenis-logo-web.png\"><\/div><\/div><\/div>\n\t\t\t\t<\/div>\n\t\t\t<\/div>[\/vc_column][\/vc_row][vc_row css=\u00bb.vc_custom_1466151879036{padding-top: 170px !important;}\u00bb][vc_column]<div class=\"mrbara-heading    text-small letter-spacing-large heading-style6\"><div class=\"row\"><div class=\"col-md-1 col-sm-1 col-xs-2 col-xs-offset-1 col-md-offset-1 col-sm-offset-1 col-left\"><div class=\"mr-vertical-line\" ><\/div><\/div><div class=\"col-md-8 col-sm-8 col-xs-8 col-xs-offset-1 col-md-offset-2 col-sm-offset-2 col-right\"><div class=\"title\" style=\"font-size:16px;font-weight:600;letter-spacing:10px\"><p>OUR TEAM<\/p>\n<\/div><\/div><\/div><\/div>[\/vc_column][\/vc_row][vc_row full_width=\u00bbstretch_row_content_no_spaces\u00bb css=\u00bb.vc_custom_1468572789427{padding-top: 55px !important;}\u00bb][vc_column][vc_single_image image=\u00bb6117&#8243; img_size=\u00bbfull\u00bb alignment=\u00bbcenter\u00bb css=\u00bb\u00bb][\/vc_column][\/vc_row]<\/p>\n<\/div>","protected":false},"excerpt":{"rendered":"<p>[vc_row][vc_column][\/vc_column][\/vc_row][vc_row css=\u00bb.vc_custom_1466151879036{padding-top: 170px !important;}\u00bb][vc_column][\/vc_column][\/vc_row][vc_row full_width=\u00bbstretch_row_content_no_spaces\u00bb css=\u00bb.vc_custom_1468572789427{padding-top: 55px !important;}\u00bb][vc_column][vc_single_image image=\u00bb6117&#8243; img_size=\u00bbfull\u00bb alignment=\u00bbcenter\u00bb css=\u00bb\u00bb][\/vc_column][\/vc_row]<\/p>\n","protected":false},"author":1,"featured_media":0,"parent":0,"menu_order":0,"comment_status":"closed","ping_status":"closed","template":"template-full-width.php","meta":{"footnotes":""},"class_list":["post-4684","page","type-page","status-publish","hentry"],"yoast_head":"<!-- This site is optimized with the Yoast SEO plugin v27.2 - https:\/\/yoast.com\/product\/yoast-seo-wordpress\/ -->\n<title>Las Voces del Tenis by VTC - VTC<\/title>\n<meta name=\"robots\" content=\"index, follow, max-snippet:-1, max-image-preview:large, max-video-preview:-1\" \/>\n<link rel=\"canonical\" href=\"https:\/\/vtctenis.com\/index.php\/las-voces-del-tenis-by-vtc\/\" \/>\n<meta property=\"og:locale\" content=\"es_ES\" \/>\n<meta property=\"og:type\" content=\"article\" \/>\n<meta property=\"og:title\" content=\"Las Voces del Tenis by VTC - VTC\" \/>\n<meta property=\"og:description\" content=\"[vc_row][vc_column][\/vc_column][\/vc_row][vc_row css=\u00bb.vc_custom_1466151879036{padding-top: 170px !important;}\u00bb][vc_column][\/vc_column][\/vc_row][vc_row full_width=\u00bbstretch_row_content_no_spaces\u00bb css=\u00bb.vc_custom_1468572789427{padding-top: 55px !important;}\u00bb][vc_column][vc_single_image image=\u00bb6117&#8243; img_size=\u00bbfull\u00bb alignment=\u00bbcenter\u00bb css=\u00bb\u00bb][\/vc_column][\/vc_row]\" \/>\n<meta property=\"og:url\" content=\"https:\/\/vtctenis.com\/index.php\/las-voces-del-tenis-by-vtc\/\" \/>\n<meta property=\"og:site_name\" content=\"VTC\" \/>\n<meta property=\"article:modified_time\" content=\"2025-11-01T00:23:16+00:00\" \/>\n<meta name=\"twitter:card\" content=\"summary_large_image\" \/>\n<meta name=\"twitter:label1\" content=\"Tiempo de lectura\" \/>\n\t<meta name=\"twitter:data1\" content=\"1 minuto\" \/>\n<script type=\"application\/ld+json\" class=\"yoast-schema-graph\">{\"@context\":\"https:\/\/schema.org\",\"@graph\":[{\"@type\":\"WebPage\",\"@id\":\"https:\/\/vtctenis.com\/index.php\/las-voces-del-tenis-by-vtc\/\",\"url\":\"https:\/\/vtctenis.com\/index.php\/las-voces-del-tenis-by-vtc\/\",\"name\":\"Las Voces del Tenis by VTC - VTC\",\"isPartOf\":{\"@id\":\"https:\/\/vtctenis.com\/#website\"},\"datePublished\":\"2016-06-17T02:13:46+00:00\",\"dateModified\":\"2025-11-01T00:23:16+00:00\",\"breadcrumb\":{\"@id\":\"https:\/\/vtctenis.com\/index.php\/las-voces-del-tenis-by-vtc\/#breadcrumb\"},\"inLanguage\":\"es\",\"potentialAction\":[{\"@type\":\"ReadAction\",\"target\":[\"https:\/\/vtctenis.com\/index.php\/las-voces-del-tenis-by-vtc\/\"]}]},{\"@type\":\"BreadcrumbList\",\"@id\":\"https:\/\/vtctenis.com\/index.php\/las-voces-del-tenis-by-vtc\/#breadcrumb\",\"itemListElement\":[{\"@type\":\"ListItem\",\"position\":1,\"name\":\"Portada\",\"item\":\"https:\/\/vtctenis.com\/\"},{\"@type\":\"ListItem\",\"position\":2,\"name\":\"Las Voces del Tenis by VTC\"}]},{\"@type\":\"WebSite\",\"@id\":\"https:\/\/vtctenis.com\/#website\",\"url\":\"https:\/\/vtctenis.com\/\",\"name\":\"VTC\",\"description\":\"\",\"potentialAction\":[{\"@type\":\"SearchAction\",\"target\":{\"@type\":\"EntryPoint\",\"urlTemplate\":\"https:\/\/vtctenis.com\/?s={search_term_string}\"},\"query-input\":{\"@type\":\"PropertyValueSpecification\",\"valueRequired\":true,\"valueName\":\"search_term_string\"}}],\"inLanguage\":\"es\"}]}<\/script>\n<!-- \/ Yoast SEO plugin. -->","yoast_head_json":{"title":"Las Voces del Tenis by VTC - VTC","robots":{"index":"index","follow":"follow","max-snippet":"max-snippet:-1","max-image-preview":"max-image-preview:large","max-video-preview":"max-video-preview:-1"},"canonical":"https:\/\/vtctenis.com\/index.php\/las-voces-del-tenis-by-vtc\/","og_locale":"es_ES","og_type":"article","og_title":"Las Voces del Tenis by VTC - VTC","og_description":"[vc_row][vc_column][\/vc_column][\/vc_row][vc_row css=\u00bb.vc_custom_1466151879036{padding-top: 170px !important;}\u00bb][vc_column][\/vc_column][\/vc_row][vc_row full_width=\u00bbstretch_row_content_no_spaces\u00bb css=\u00bb.vc_custom_1468572789427{padding-top: 55px !important;}\u00bb][vc_column][vc_single_image image=\u00bb6117&#8243; img_size=\u00bbfull\u00bb alignment=\u00bbcenter\u00bb css=\u00bb\u00bb][\/vc_column][\/vc_row]","og_url":"https:\/\/vtctenis.com\/index.php\/las-voces-del-tenis-by-vtc\/","og_site_name":"VTC","article_modified_time":"2025-11-01T00:23:16+00:00","twitter_card":"summary_large_image","twitter_misc":{"Tiempo de lectura":"1 minuto"},"schema":{"@context":"https:\/\/schema.org","@graph":[{"@type":"WebPage","@id":"https:\/\/vtctenis.com\/index.php\/las-voces-del-tenis-by-vtc\/","url":"https:\/\/vtctenis.com\/index.php\/las-voces-del-tenis-by-vtc\/","name":"Las Voces del Tenis by VTC - VTC","isPartOf":{"@id":"https:\/\/vtctenis.com\/#website"},"datePublished":"2016-06-17T02:13:46+00:00","dateModified":"2025-11-01T00:23:16+00:00","breadcrumb":{"@id":"https:\/\/vtctenis.com\/index.php\/las-voces-del-tenis-by-vtc\/#breadcrumb"},"inLanguage":"es","potentialAction":[{"@type":"ReadAction","target":["https:\/\/vtctenis.com\/index.php\/las-voces-del-tenis-by-vtc\/"]}]},{"@type":"BreadcrumbList","@id":"https:\/\/vtctenis.com\/index.php\/las-voces-del-tenis-by-vtc\/#breadcrumb","itemListElement":[{"@type":"ListItem","position":1,"name":"Portada","item":"https:\/\/vtctenis.com\/"},{"@type":"ListItem","position":2,"name":"Las Voces del Tenis by VTC"}]},{"@type":"WebSite","@id":"https:\/\/vtctenis.com\/#website","url":"https:\/\/vtctenis.com\/","name":"VTC","description":"","potentialAction":[{"@type":"SearchAction","target":{"@type":"EntryPoint","urlTemplate":"https:\/\/vtctenis.com\/?s={search_term_string}"},"query-input":{"@type":"PropertyValueSpecification","valueRequired":true,"valueName":"search_term_string"}}],"inLanguage":"es"}]}},"_links":{"self":[{"href":"https:\/\/vtctenis.com\/index.php\/wp-json\/wp\/v2\/pages\/4684","targetHints":{"allow":["GET"]}}],"collection":[{"href":"https:\/\/vtctenis.com\/index.php\/wp-json\/wp\/v2\/pages"}],"about":[{"href":"https:\/\/vtctenis.com\/index.php\/wp-json\/wp\/v2\/types\/page"}],"author":[{"embeddable":true,"href":"https:\/\/vtctenis.com\/index.php\/wp-json\/wp\/v2\/users\/1"}],"replies":[{"embeddable":true,"href":"https:\/\/vtctenis.com\/index.php\/wp-json\/wp\/v2\/comments?post=4684"}],"version-history":[{"count":2,"href":"https:\/\/vtctenis.com\/index.php\/wp-json\/wp\/v2\/pages\/4684\/revisions"}],"predecessor-version":[{"id":6118,"href":"https:\/\/vtctenis.com\/index.php\/wp-json\/wp\/v2\/pages\/4684\/revisions\/6118"}],"wp:attachment":[{"href":"https:\/\/vtctenis.com\/index.php\/wp-json\/wp\/v2\/media?parent=4684"}],"curies":[{"name":"wp","href":"https:\/\/api.w.org\/{rel}","templated":true}]}}